7
Suppose -2207 = 2*b - 3*w, -2*b - 3*w - 660 = 1529. What is the hundreds digit of (1 - -1)*b/(-14)?
1
Let h(j) = j**3 + 9*j**2 - 11*j - 8. Let m be h(-10). Suppose -f + 4*g - 36 = -3*f, 3*f - m*g - 30 = 0. Let a = 19 + f. What is the units digit of a?
1
Let r(c) = -285*c**3 - 2*c - 3. What is the units digit of r(-1)?
4
Suppose -4908 = -10*y + 682. Let v = y + -280. What is the tens digit of v?
7
What is the units digit of ((-2642)/(-10))/((-29)/(-145))?
1
Let w(f) = 7*f + 21. Let t be w(7). Suppose 3*b - 2*b = 3*m + t, 5*m = b - 78. Let d = 97 - b. What is the units digit of d?
9
Suppose 4*o = -2*j - 0*o - 40, 3*o = -j - 21. Let w = j - -107. Suppose 0 = -5*m + 4*h + w + 49, h - 153 = -5*m. What is the tens digit of m?
3
Let b = 1675 + -718. Suppose -4*h + b = 3*z, -5*z + 4*h + 1630 = -h. What is the hundreds digit of z?
3
What is the units digit of (-385)/7*(-232)/20?
8
Let n(w) = -w**3 + 8*w**2 - w - 2. Let t be n(7). Let j = t - -74. What is the units digit of j?
4
Let g(w) = w**3 + 9*w**2 + 5*w - 6. Let b be g(-8). Suppose 0 = -3*t + 2*z + 15, 3 = -3*t - 4*z + b. What is the units digit of (0 - (-52)/10)*t?
6
Let l = 20 + 83. Suppose 2*h + 397 = l. Let b = h + 226. What is the units digit of b?
9
What is the hundreds digit of ((-5)/(-15))/((-4)/(-6684))?
5
Suppose -7*n = -6*n - 74. What is the units digit of n/4*(3 + -1)?
7
Let n(o) = -o**3 - o**2 - o + 5. Let b be n(0). Let x = 23 - b. What is the tens digit of x?
1
Let r(z) = 12*z - 22. Let l be r(5). What is the units digit of (-95)/l*(-128)/10?
2
Let r(f) = -f**2 + 3*f + 12. Let w be r(6). Let s(d) = d + 19. Let k be s(w). What is the units digit of 5*1 - (-12 + k)?
4
What is the hundreds digit of (8 + -12 - -1522) + -5?
5
Let z(x) = 4*x - 45. Let t be z(12). Suppose -3*a + 0*a = -2*c + 19, -5 = 2*c + 5*a. Suppose 5*j + t*v = 248, 250 = 6*j - j + c*v. What is the tens digit of j?
4
Let g(h) = -h**3 - 2*h**2 + 2*h + 2. Let u be g(-3). Let t(c) = -u*c**2 + 13 + c**3 - 3*c**2 - 6 - c**2 + 4*c. What is the units digit of t(9)?
3
What is the hundreds digit of 397/((44/(-33))/(-4))?
1
Suppose 1680 = 5*k - 2*y, -8*k + 1008 = -5*k - 2*y. What is the units digit of k?
6
Let g = -4 - -7. Suppose 0 = 4*o - w - 51, -g*o + o + 23 = -3*w. What is the units digit of o?
3
Let s = -36 + 39. Suppose -225 = -2*o - s*o + 5*w, -2*o = 4*w - 108. What is the tens digit of o?
4
Suppose 5*y - 10 = 3*y. Let t = 46 + -44. Suppose -p + 46 + 11 = 3*u, t*p + 84 = y*u. What is the units digit of u?
8
Let l(u) = u**2 - 12*u + 8. Let f be l(8). Let q be 24*6*(-9)/f. Let v = 78 - q. What is the tens digit of v?
2
What is the hundreds digit of (-2)/(-7)*(-188594)/(-76)?
7
Suppose -4*j + 574 = -374. Suppose -p + j = 87. Suppose 151 + p = 7*d. What is the tens digit of d?
4
Let t be 0*((-3)/9)/((-4)/(-6)). Suppose -2*p - 38 + 180 = t. What is the units digit of p?
1
Let c = -16 + 31. Let r be 10/35 + (-51)/7. Let u = r + c. What is the units digit of u?
8
Let g(y) = -1 - 3*y - 2*y - 10. Let n be g(-12). Suppose 129 = 5*k + n. What is the units digit of k?
6
Let n = -1373 - -2730. What is the hundreds digit of n?
3
What is the hundreds digit of (21280/49)/(2/14*1)?
0
Let x(a) = -a**3 + 2*a**2 - a + 372. Let m be x(0). Suppose 3*l + 2*v - m = 0, -l - 29 = -3*v - 142. What is the tens digit of l?
2
Suppose 5*b - 2*y - 21 = 4, -5*y - 5 = -b. Suppose 3*i + 10 = -5*f - 0, 5*i - 10 = b*f. What is the tens digit of (-30)/(f + (-10)/(-8))?
4
Let w be (0 + -135)*(8 + -11). Suppose w + 311 = 4*y. What is the units digit of y?
9
Let l be 2/(16 + -4) - (-37)/(-6). What is the tens digit of (-346)/l + (-16)/24?
5
Let a(c) = c**2 + 2*c - 1. Let m be a(7). Let n = 41 - m. Let h = n - -37. What is the tens digit of h?
1
Let p(i) = -104*i + 351. What is the hundreds digit of p(-25)?
9
Let t(d) = -4*d**2 - 7 - 304*d**3 - 6*d + 14*d**2 - 11*d**2 + 2. What is the units digit of t(-1)?
4
Suppose 0 = 5*d + 3*t - 30, 5*t + 34 = 3*d + 10*t. Suppose 0*f - 3*f + 5*m = -318, d*f - 318 = 2*m. What is the units digit of f?
6
Let u(c) = -4*c**2 + 11*c + 13. Let j(a) = -8*a**2 + 21*a + 25. Let z(k) = -6*j(k) + 11*u(k). What is the tens digit of z(-2)?
1
Suppose 8*v - 11715 = 941. What is the thousands digit of v?
1
Let d = -14 - -12. Let n = d + 7. Suppose n*p + 12 = 2*x, -3*x + 54 + 14 = 5*p. What is the units digit of x?
6
Let l(p) = 12 + 6 - p + 2*p**2 - p**2. Let v = -7 + 7. What is the tens digit of l(v)?
1
Let i(y) = -y**3 - 14*y**2 - 17*y - 17. Let q = -1 + -12. Let f be i(q). Let a = -12 + f. What is the tens digit of a?
2
Let f(z) be the first derivative of -z**4/4 + 8*z**3/3 + 6*z + 2. What is the units digit of f(8)?
6
Suppose -24*j + 27273 = 6249. What is the tens digit of j?
7
Suppose 0 = w - 6*w. Suppose -190 = -2*j - w*j. Suppose -5*g = -5*l - j, 2*g - 2*l = l + 33. What is the units digit of g?
4
Let d(l) = l**2 + l. Let n be d(-5). Suppose v = 4*h - 21, n - 4 = 4*h + 4*v. What is the units digit of h*(-2 - 244/(-20))?
1
Let h be 1/(-4)*(-8)/2. What is the units digit of (-736)/(-80)*(4 + h)?
6
Suppose -m + d + 32 = 0, -2*m + 181 = 3*m + 2*d. Suppose -12*q = -7*q - m. What is the units digit of q?
7
Let i(l) = -43*l + 1. Let q be i(-3). Suppose 0 = -7*x + q - 25. What is the tens digit of x?
1
Let v be (54/(-4))/((-6)/(-8)). Let r = v - -3. Let u = r - -23. What is the units digit of u?
8
Let m(f) be the third derivative of -f**6/120 + 11*f**5/60 - 3*f**4/8 + 8*f**3/3 - 4*f**2. What is the tens digit of m(8)?
3
Let x(n) = 2*n**2 + 4*n - 20. Let b be x(3). Suppose b = -7*h + 605. What is the units digit of h?
5
Suppose -x + 251 = w, 0 = -3*w + 6*w - 2*x - 738. Suppose -29*a + 31*a = w. What is the hundreds digit of a?
1
Let c = -20 + 103. Suppose -3*a + 51 = -0*a - 3*i, -c = -4*a - i. Suppose -4*o = -f - 20, -4*o + 3*f + 0*f + a = 0. What is the units digit of o?
5
Suppose 0 = 3*b - 3*o - 44 + 119, -3*o = -9. Let y = b + 25. Suppose -u - 132 = -y*u - j, 5*u + 5*j - 330 = 0. What is the tens digit of u?
6
Let v(z) = 8*z - 8 + 3*z**2 - 2 + 6*z**3 + 1 - 10*z**2. What is the hundreds digit of v(4)?
2
Suppose -17 = -w + 6. Let z = -9 + w. Suppose -2*d + f = -f - z, 5*f = -3*d + 61. What is the tens digit of d?
1
Let k = 2910 + -1644. What is the tens digit of k?
6
Let a(q) = 2*q**2 - 27*q + 39. What is the thousands digit of a(-17)?
1
Let a(j) = 5*j**2 - 41*j + 57. What is the units digit of a(33)?
9
Suppose 0 = -69*a + 15*a + 43254. What is the units digit of a?
1
Let f(w) = w**2 - 5*w - 15. Let n be f(7). What is the units digit of 28/((-7)/(-5) + n)?
0
Let g = 402 - 285. What is the tens digit of g?
1
Suppose 8 = 5*n - 3*r - 14, -r - 14 = -5*n. Suppose 2*s = n*d - 4*d + 122, -4*s - 3*d + 249 = 0. What is the tens digit of s?
6
Suppose u + 2*z = 22 + 22, 3*z + 168 = 5*u. Suppose -64 = -2*i + u. What is the units digit of i?
0
Suppose 5*c + 5 = -4*y + 3*y, 3*y - 2*c - 53 = 0. Suppose 14*s = y*s - 89. Suppose -n = 2, -s = 2*w - 5*w + n. What is the units digit of w?
9
Let r(q) = -33*q - 8. Let s be r(-6). Suppose -2*g + 82 = a, 5*a + s = 5*g - 0*g. Suppose -14 = -3*z + g. What is the units digit of z?
8
Suppose -f + 3*f = 0. Suppose f = 2*h + 3 - 13. Suppose -h*c + r + 20 = -56, -2*c + 35 = -5*r. What is the units digit of c?
5
What is the hundreds digit of ((-1533)/(-9))/((-7)/(-3) - 2)?
5
Suppose 11 = 3*h - 4. What is the tens digit of (114/h)/((-6)/(-15))?
5
Let f be (15/25)/((-2)/(-50)). Let b = f + -15. Suppose 107 = 4*d + 5*u, b = d - 4*d + 4*u + 119. What is the units digit of d?
3
What is the units digit of (553/2)/((-42)/(-28))*6?
6
What is the hundreds digit of (6 - 6 - 1)/((-2)/1506)?
7
Suppose -3*x + d = -4*d - 23, -3*x = -2*d - 20. Suppose -x*v - 32 = -8*v. What is the tens digit of v?
1
Let d(g) = 12*g + 540. What is the units digit of d(0)?
0
Suppose 7*n - 3069 = -3*p + 5*n, -2*n - 6 = 0. What is the hundreds digit of p?
0
Let n be 0/(2*2/(-4)). Let c(m) = 4 + 10 - m**2 + n*m**2 + 15*m. What is the tens digit of c(11)?
5
Let x = -94 + 94. Suppose 4*w = -2*j + 408, x = -4*w - 6 - 6. What is the hundreds digit of j?
2
Let g(f) = -308*f - 1. What is the hundreds digit of g(-1)?
3
Let q be (18/30)/(1/5). Suppose -121 = -q*t - 2*i, -2*t + 26 = -2*i - 48. What is the tens digit of t?
3
Let f = -28 - -41. Suppose f = 5*m - 52. 